{"id":41,"date":"2016-03-04T13:29:25","date_gmt":"2016-03-04T13:29:25","guid":{"rendered":"http:\/\/drmeganargo.net\/?page_id=41"},"modified":"2018-06-28T11:10:13","modified_gmt":"2018-06-28T11:10:13","slug":"conference-proceedings","status":"publish","type":"page","link":"https:\/\/drmeganargo.net\/index.php\/publications\/conference-proceedings\/","title":{"rendered":"Conference proceedings"},"content":{"rendered":"<dl>\n<dt>34) <a href=\"http:\/\/adsabs.harvard.edu\/abs\/2018AAS...23134011L\">Multi-wavelength JVLA Observations of NGC 5195<\/a><\/dt>\n<dd>American Astronomical Society, AAS Meeting #231, id.#340.11<br \/>\nLacey, Christina; Schlegel, Eric; Pannuti, Thomas; Rampadarath, Hayden; Barrett, Paul; Soria, Roberto; <strong>Argo, Megan<\/strong><\/dd>\n<\/dl>\n<dl>\n<dt>33) <a href=\"http:\/\/adsabs.harvard.edu\/abs\/2018AAS...23124509S\">Radio Observations of the Type IIP Supernova 20017eaw<\/a><\/dt>\n<dd>American Astronomical Society, AAS Meeting #231, id.#245.09<br \/>\nStockdale, Christopher; Perez-Torres, Miguel; <strong>Argo, Megan<\/strong>; Ryder, Stuart D.; Panagia, Nino; Van Dyk, Schuyler; Bauer, Franz Erik; Roming, Peter; Marcaide, Jon; Pooley, Dave; Lien, Amy; Sramek, Richard A.<\/dd>\n<\/dl>\n<dl>\n<dt>32) AGN flickering on 10-100 kyr timescales<\/dt>\n<dd>Active Galactic Nuclei: what&#8217;s in a name? Proceedings of a conference held 27 June &#8211; 1 July, 2016 in Garching.<br \/>\nSartori, Lia F.; Schawinski, Kevin; Kill, Bill; Maksym, Peter; Koss, Michael; <strong>Argo, Megan<\/strong>; Urry, Meg; Wong, Ivy; Lintott, Chris<\/dd>\n<\/dl>\n<dl>\n<dt><\/dt>\n<dt>31) Ongoing radio monitoring of the outburst in NGC660 (talk)<\/dt>\n<dd>Talk at the <a href=\"https:\/\/sites.google.com\/site\/xrayuniverse2016\/\">X-ray view of black hole activity in the local universe<\/a> meeting, February 2016, Zurich, Switzerland.<br \/>\n<strong>Megan Argo<\/strong><\/dd>\n<\/dl>\n<dl>\n<dt>30) The curious case of NGC660 (talk)<\/dt>\n<dd>Talk at the e-MERLIN session of the National Astronomy Meeting, July 2015, Llandudno, Wales.<br \/>\n<strong>Megan Argo<\/strong> (associated <a href=\"https:\/\/www.ras.org.uk\/news-and-press\/2662-radio-astronomers-see-black-hole-come-to-life\">RAS press release<\/a>)<\/dd>\n<\/dl>\n<dl>\n<dt>29) Is it a bird? Is it a plane? No, it&#8217;s a fireball! (or: Crowdsourcing fireball data &#8211; the IMO experience) (talk)<\/dt>\n<dd>Talk at the outreach session of the National Astronomy Meeting, July 2015, Llandudno, Wales.<br \/>\n<strong>Megan Argo<\/strong>, on behalf of the IMO<\/dd>\n<\/dl>\n<dl>\n<dt>28) What is the progenitor of the Type Ia SN 2014J?<\/dt>\n<dd>Highlights of Spanish Astrophysics VIII, Proceedings of the XI Scientific Meeting of the Spanish Astronomical Society held on September 8-12, 2014, in Teruel, Spain, ISBN 978-84-606-8760-3. A. J. Cenarro, F. Figueras, C. Hern\u00e1ndez-Monteagudo, J. Trujillo Bueno, and L. Valdivielso (eds.), p. 540-546 (<a href=\"http:\/\/adsabs.harvard.edu\/abs\/2015hsa8.conf..540P\">pdf copy<\/a>)<br \/>\nP\u00e9rez-Torres, M. A.; Lundqvist, P.; Beswick, R. J.; Bj\u00f6rnsson, C. I.; Muxlow, T. W. B.; Paragi, Z.; Ryder, S.; Alberdi, A.; Fransson, C.; Marcaide, J. M. M.; Mart\u00ed-Vidal, I.; Ros, E.; <strong>Argo, M. K.<\/strong>; Guirado, J. C.<\/dd>\n<\/dl>\n<dl>\n<dt>27) Constraints on the progenitor system and the environs of SN 2014J from deep EVN and MERLIN radio observations<\/dt>\n<dd>PoS(EVN 2014)052 in proceedings of <a href=\"http:\/\/evn2014.oa-cagliari.inaf.it\/EVN2014\/\">the 12th EVN Symposium<\/a>, Cagliari, October 2014<br \/>\nM.A. Perez-Torres, P. Lundqvist, R.J. Beswick, C.I. Bjornsson, T.W.B. Muxlow, Z. Paragi, S. Ryder, A. Alberdi, C. Fransson, J.M. Marcaide, I. Marti-Vidal, E. Ros, <strong>M.K. Argo<\/strong>, J.C. Guirado<\/dd>\n<\/dl>\n<dl>\n<dt>26) LeMMINGs e-MERLIN survey of nearby galaxies<\/dt>\n<dd>PoS(EVN 2014)010 in proceedings of <a href=\"http:\/\/evn2014.oa-cagliari.inaf.it\/EVN2014\/\">the 12th EVN Symposium<\/a>, Cagliari, October 2014<br \/>\nRob Beswick, Ian McHardy, <strong>Megan Argo<\/strong> et al<\/dd>\n<\/dl>\n<dl>\n<dt>25) Things that go bump in the night: the curious case of NGC660 (talk)<\/dt>\n<dd>PoS(EVN 2014)006 in proceedings of <a href=\"http:\/\/evn2014.oa-cagliari.inaf.it\/EVN2014\/\">the 12th EVN Symposium<\/a>, Cagliari, October 2014<br \/>\n<strong>Megan Argo<\/strong>, Ilse van Bemmel, Sam Connolly, Rob Beswick<\/dd>\n<\/dl>\n<dl>\n<dt>24) Compact USS sources with e-MERLIN and the e-EVN (poster, <a href=\"http:\/\/rigel.org.uk\/work\/EVN2014_USSposter.pdf\">pdf<\/a>)<\/dt>\n<dd>PoS(EVN2014)068 in proceedings of <a href=\"http:\/\/evn2014.oa-cagliari.inaf.it\/EVN2014\/\">the 12th EVN Symposium<\/a>, Cagliari, October 2014<br \/>\n<strong>Megan Argo<\/strong>, Rachel Steadman, Zsolt Paragi, Hans-Rainer Kl\u00f6ckner, Huub R\u00f6ttgering<\/dd>\n<\/dl>\n<dl>\n<dt>23) The e-MERLIN data reduction pypeline (talk, <a href=\"http:\/\/rigel.org.uk\/work\/eMERLINpipeline_sciencemeeting.pdf\">pdf<\/a>)<\/dt>\n<dd><a href=\"http:\/\/www.jb.man.ac.uk\/meetings\/emerlin2014\/\">The e-MERLIN early science workshop<\/a>, JBCA, Manchester, April 2014<br \/>\n<strong>Megan Argo<\/strong><\/dd>\n<\/dl>\n<dl>\n<dt>22) Investigating nearby galaxies with wide-field VLBI (poster)<\/dt>\n<dd>Modern Radio Universe, Bonn April 2013<br \/>\n<strong>Megan Argo<\/strong><\/dd>\n<\/dl>\n<dl>\n<dt>21) <a href=\"http:\/\/adsabs.harvard.edu\/abs\/2013AAS...22124422L\">NuSTAR, Chandra, and VLBA Monitoring of the X-ray Binary Population in NGC 253<\/a> (poster)<\/dt>\n<dd>AAS Meeting 221, Long Beach January 2013<br \/>\nLehmer, Bret; Wik, D. R.; <strong>Argo, M.<\/strong>; Bechtol, K.; Boggs, S. E.; Christensen, F.; Craig, W.; Hailey, C. J.; Harrison, F.; Hornschemeier, A. E.; Leyder, J.; Maccarone, T.; Ptak, A.; Stern, D.; Venters, T. M.; Zezas, A.; Zhang, W.; and the NuSTAR Team<\/dd>\n<\/dl>\n<dl>\n<dt>20) <a href=\"http:\/\/adsabs.harvard.edu\/abs\/2013AAS...22124421P\">Getting a Good, Hard X-ray Look at Starburst Galaxies with NuSTAR<\/a> (poster)<\/dt>\n<dd>AAS Meeting 221, Long Beach January 2013<br \/>\nPtak, Andrew; <strong>Argo, M.<\/strong>; Bechtol, K.; Boggs, S. E.; Christensen, F.; Craig, W.; Hailey, C. J.; Harrison, F.; Hornschemeier, A. E.; Lehmer, B.; Leyder, J.; Maccarone, T.; Stern, D.; Venters, T. M.; Wik, D. R.; Zezas, A.; Zhang, W.; and the NuSTAR Team<\/dd>\n<\/dl>\n<dl>\n<dt>19) The e-MERLIN data reduction pypeline (talk, <a href=\"http:\/\/www.alma.ac.uk\/events\/MKA_eMERLINpipeline.pdf\">pdf<\/a>)<\/dt>\n<dd><a href=\"http:\/\/www.alma.ac.uk\/events\/radionet-advanced-radio-astronomy\">Advanced Radio Astronomy, commissioning skills and preparation for the SKA<\/a>, UK ARC &#8211; Manchester, November 2012<br \/>\n<strong>Megan Argo<\/strong><\/dd>\n<\/dl>\n<dl>\n<dt>18) Resolving the masers in M82 (talk, <a href=\"http:\/\/evn2012.obs.u-bordeaux1.fr\/documents\/presentations\/50_Argo_EVN2012_Oral.pdf\">pdf<\/a>, <a href=\"http:\/\/arxiv.org\/abs\/1301.4820\">astro-ph\/1301.4820<\/a>)<\/dt>\n<dd><a href=\"http:\/\/evn2012.obs.u-bordeaux1.fr\/\">11th EVN Symposium<\/a>, Bordeaux, France, October 2012<br \/>\n<strong>Megan K. Argo<\/strong>, Rob J. Beswick, Tom W. B. Muxlow, Danielle Fenech, Huib Jan van Langevelde, Melanie Gendre, Alan Pedlar<\/dd>\n<\/dl>\n<dl>\n<dt>17) Obituary: Sir Bernard Lovell 1913 &#8211; 2012 (talk, <a href=\"http:\/\/rigel.org.uk\/work\/IMC2012_abstract.txt\">abstract<\/a>, <a href=\"http:\/\/rigel.org.uk\/work\/IMC2012_Lovell.pdf\">pdf<\/a>)<\/dt>\n<dd>In Proceedings of the <a href=\"http:\/\/www.imo.net\/imc2012\/\">International Meteor Conference 2012<\/a>, La Palma, September 2012<br \/>\nAlso: <a href=\"http:\/\/ukads.nottingham.ac.uk\/abs\/2012JIMO...40..114A\">Sir Bernard Lovell (1913 &#8211; 2012)<\/a> in <a href=\"http:\/\/www.imo.net\/imo\/wgn\">WGN<\/a> 40 114 (2012) (<a href=\"http:\/\/www.imo.net\/files\/wgn\/2012\/WGN40-4.pdf\">pdf issue<\/a>)<br \/>\n<strong>Megan Argo<\/strong><\/dd>\n<\/dl>\n<dl>\n<dt>16) Widefield VLBI observations of M31 &#8211; mapping the entire primary beam (<a href=\"http:\/\/rigel.org.uk\/work\/eVLBI2011_argo.pdf\">talk<\/a>)<\/dt>\n<dd>eVLBI Workshop, Amanzingwe, South Africa, November 2011<br \/>\n<strong>Megan Argo<\/strong><\/dd>\n<\/dl>\n<dl>\n<dt>15) <a href=\"http:\/\/adsabs.harvard.edu\/cgi-bin\/nph-data_query?bibcode=2010evn..confE..56F&amp;db_key=AST&amp;link_type=ABSTRACT&amp;high=4e85781b2020639\">VLBI Monitoring of the most compact sources in M82<\/a><\/dt>\n<dd>PoS(10th EVN Symposium)056 2010 (Proceedings of the 10th EVN Symposium, Manchester, September 2010)<br \/>\nD. Fenech, R.J. Beswick, T.W.B. Muxlow, A. Pedlar and <strong>M.K. Argo<\/strong><\/dd>\n<\/dl>\n<dl>\n<dt>14) <a href=\"http:\/\/adsabs.harvard.edu\/cgi-bin\/nph-data_query?bibcode=2010evn..confE..19A&amp;db_key=AST&amp;link_type=ABSTRACT&amp;high=4e85781b2020639\">Wide-field VLBI imaging of M31 &#8211; first results<\/a> (talk)<\/dt>\n<dd>PoS(10th EVN Symposium)019 2010 (Proceedings of the 10th EVN Symposium, Manchester, September 2010) (talk, <a href=\"http:\/\/arxiv.org\/abs\/1011.5283\">astro-ph\/1011.5283<\/a>)<br \/>\n<strong>Megan Argo<\/strong>, John Morgan, Emil Lenc, Olaf Wucknitz, Franco Mantovani, Danielle Fenech, Steven Tingay<\/dd>\n<\/dl>\n<dl>\n<dt>13) <a href=\"http:\/\/www.capjournal.org\/issues\/12\/12_16.php\">Astronomy outreach in the remote Mid West region of Western Australia<\/a> (poster)<\/dt>\n<dd><a href=\"http:\/\/www.communicatingastronomy.org\/cap2010\/\">Communicating Astronomy with the Public 2010<\/a>, Cape Town, South Africa, March 2010<br \/>\n<strong>Megan Argo<\/strong> and Robert Hollow<\/dd>\n<\/dl>\n<dl>\n<dt>12) The Jodcast (talk, <a href=\"http:\/\/www.communicatingastronomy.org\/cap2010\/presentations\/argo_100316.ppt\">ppt<\/a>)<\/dt>\n<dd><a href=\"http:\/\/www.communicatingastronomy.org\/cap2010\/\">Communicating Astronomy with the Public 2010<\/a>, Cape Town, South Africa, March 2010<br \/>\n<strong>Megan Argo<\/strong>, on behalf of the Jodcast team<\/dd>\n<\/dl>\n<dl>\n<dt>11) <a href=\"http:\/\/pos.sissa.it\/archive\/conferences\/089\/059\/PRA2009_059.pdf\">OH in nearby galaxies<\/a> (talk)<\/dt>\n<dd>PoS(PRA2009)059 2009 (Proceedings of Panoramic Radio Astronomy, Groningen, the Netherlands, June 2009)<br \/>\n<strong>Argo, M.K.; <\/strong>; Pedlar, A.; Beswick, R. J.; Muxlow, T. W. B.; Fenech, D. M.<\/dd>\n<\/dl>\n<dl>\n<dt>10) <a href=\"http:\/\/ukads.nottingham.ac.uk\/abs\/2008ASPC..390..184F\">The Evolution of Supernova Remnants in the M82 Central Starburst<\/a><\/dt>\n<dd>ASP Conf. Ser. 390 184 (2008) (Proceedings of Pathways Through an Eclectic Universe, Tenerife, Spain, April 2007)<br \/>\nFenech, D.; Muxlow, T. W. B.; Pedlar, A.; Beswick, R.; <b>Argo, M. K.<\/b><\/dd>\n<\/dl>\n<dl>\n<dt>9) <a href=\"http:\/\/rigel.org.uk\/work\/ECOC2008_P402.pdf\">Transfer of a 1486.3 MHz frequency standard over installed fibre links for local oscillator distribution with a stability of 1 picosecond<\/a> (poster)<\/dt>\n<dd>Poster <a href=\"http:\/\/www.ecoc2008.org\/Programmeoverview_original.asp#wep4\">P.4.02<\/a> (Transmission Systems section) at <a href=\"http:\/\/www.ecocexhibition.com\/\">ECOC 2008<\/a><br \/>\nMcCool, R.; Bentley, M; <b>Argo, M.K.<\/b>; Spencer, R.; Garrington, S.<\/dd>\n<\/dl>\n<dl>\n<dt>8) <a href=\"http:\/\/pos.sissa.it\/archive\/conferences\/052\/082\/MRU_082.pdf\">Radio searches for supernovae in nearby starburst galaxies<\/a> (poster)<\/dt>\n<dd>PoS(MRU)082 2007 (From Planets to Dark Energy: the Modern Radio Universe, Manchester, October 2007)<br \/>\n<strong>Megan Argo<\/strong>, Alan Pedlar, Rob Beswick, Tom Muxlow, Danielle Fenech and Mirza Asif<\/dd>\n<\/dl>\n<dl>\n<dt>7) <a href=\"http:\/\/ukads.nottingham.ac.uk\/abs\/2006evn..confE..64A\">Main line OH masers in M82<\/a> (talk)<\/dt>\n<dd>Proceedings of the 8th European VLBI Network Symposium. September 26-29, 2006, Torun, Poland<br \/>\n<b>Argo, M. K.<\/b><\/dd>\n<\/dl>\n<dl>\n<dt>6) <a href=\"http:\/\/ukads.nottingham.ac.uk\/cgi-bin\/nph-bib_query?bibcode=2005MmSAI..76..586M\">Is 41.95+575 in M82 actually an SNR?<\/a><\/dt>\n<dd>MmSAI <b>76<\/b> 586 (2005) (Proceedings of the Stellar End Products workshop, Granada, April 2005)<br \/>\nMuxlow, T. W. B.; Pedlar, A.; Beswick, R. J.; <b>Argo, M. K.<\/b>; O&#8217;Brien, T. J.; Fenech, D.; Trotman, W.<\/dd>\n<\/dl>\n<dl>\n<dt>5) <a href=\"http:\/\/ukads.nottingham.ac.uk\/cgi-bin\/nph-bib_query?bibcode=2005MmSAI..76..583F\">MERLIN Deep Radio Observations of Supernovae Remnants in M82<\/a><\/dt>\n<dd>MmSAI <b>76<\/b> 583 (2005) (Proceedings of the Stellar End Products workshop, Granada, April 2005)<br \/>\nFenech, D.; Muxlow, T. W. B.; Pedlar, A.; Beswick, R.; <b>Argo, M. K.<\/b>; Wills, K.<\/dd>\n<\/dl>\n<dl>\n<dt>4) <a href=\"http:\/\/www.jb.man.ac.uk\/%7Emkargo\/pubs\/endproducts.ps.gz\">MERLIN monitoring of recent core-collapse supernovae<\/a> (talk)<\/dt>\n<dd>MmSAI <b>76<\/b> 565 (2005) (Proceedings of the Stellar End Products workshop, Granada, April 2005)<br \/>\n<b>Argo, M. K.<\/b>; Beswick, R. J.; Muxlow, T. W. B.; Pedlar, A.; Fenech, D.; Thrall, H.<\/dd>\n<\/dl>\n<dl>\n<dt>3) <a href=\"http:\/\/www.jb.man.ac.uk\/%7Emkargo\/pubs\/toledo.ps.gz\">OH in Messier 82<\/a><\/dt>\n<dd>in proceedings of the &#8220;<a href=\"http:\/\/www.oan.es\/evn2004\/\">7th EVN Symposium<\/a>&#8221; (Toledo, October 2004)<br \/>\n<b>Argo, M. K.<\/b>; Pedlar, A.; Muxlow, T. W. B.; Beswick, R. J.; Aalto, S.; Wills, K.; Booth, R.<\/dd>\n<\/dl>\n<dl>\n<dt>2) <a href=\"http:\/\/www.jb.man.ac.uk\/%7Emkargo\/pubs\/badhonnef.ps.gz\">A radio supernova in the outer part of NGC3310<\/a> (poster)<\/dt>\n<dd>in proceedings of the &#8220;<a href=\"http:\/\/www.astro.ruhr-uni-bochum.de\/starbursts\/\">Evolution of Starbursts<\/a>&#8221; meeting (Bad Honnef, August 2004)<br \/>\n<b>Argo, M. K.<\/b>; Muxlow, T. W. B.; Pedlar, A.; Beswick, R. J.<\/dd>\n<\/dl>\n<dl>\n<dt>1) <a href=\"http:\/\/www.jb.man.ac.uk\/%7Emkargo\/img\/NAM2004-7s.png\">A possible RSN in NGC 3310<\/a> (poster)<\/dt>\n<dd><a href=\"http:\/\/physics.open.ac.uk\/NAM\/\">National Astronomy Meeting<\/a> (Milton Keynes, 2004)<br \/>\n<b>Argo, M. K.<\/b>; Muxlow, T. W. B.; Pedlar, A.; Beswick, R. J.; Strong, M.<\/dd>\n<\/dl>\n","protected":false},"excerpt":{"rendered":"<p>34) Multi-wavelength JVLA Observations of NGC 5195 American Astronomical Society, AAS Meeting #231, id.#340.11 Lacey, Christina; Schlegel, Eric; Pannuti, Thomas; Rampadarath, Hayden; Barrett, Paul; Soria, Roberto; Argo, Megan 33) Radio Observations of the Type IIP Supernova 20017eaw American Astronomical Society, AAS Meeting #231, id.#245.09 Stockdale, Christopher; Perez-Torres, Miguel; Argo, Megan; Ryder, Stuart D.; Panagia, Nino; [&hellip;]<\/p>\n","protected":false},"author":1,"featured_media":0,"parent":38,"menu_order":0,"comment_status":"closed","ping_status":"closed","template":"","meta":{"jetpack_post_was_ever_published":false,"footnotes":""},"class_list":["post-41","page","type-page","status-publish","hentry","post-preview"],"jetpack_sharing_enabled":true,"jetpack_shortlink":"https:\/\/wp.me\/P7Ni4X-F","_links":{"self":[{"href":"https:\/\/drmeganargo.net\/index.php\/wp-json\/wp\/v2\/pages\/41","targetHints":{"allow":["GET"]}}],"collection":[{"href":"https:\/\/drmeganargo.net\/index.php\/wp-json\/wp\/v2\/pages"}],"about":[{"href":"https:\/\/drmeganargo.net\/index.php\/wp-json\/wp\/v2\/types\/page"}],"author":[{"embeddable":true,"href":"https:\/\/drmeganargo.net\/index.php\/wp-json\/wp\/v2\/users\/1"}],"replies":[{"embeddable":true,"href":"https:\/\/drmeganargo.net\/index.php\/wp-json\/wp\/v2\/comments?post=41"}],"version-history":[{"count":4,"href":"https:\/\/drmeganargo.net\/index.php\/wp-json\/wp\/v2\/pages\/41\/revisions"}],"predecessor-version":[{"id":297,"href":"https:\/\/drmeganargo.net\/index.php\/wp-json\/wp\/v2\/pages\/41\/revisions\/297"}],"up":[{"embeddable":true,"href":"https:\/\/drmeganargo.net\/index.php\/wp-json\/wp\/v2\/pages\/38"}],"wp:attachment":[{"href":"https:\/\/drmeganargo.net\/index.php\/wp-json\/wp\/v2\/media?parent=41"}],"curies":[{"name":"wp","href":"https:\/\/api.w.org\/{rel}","templated":true}]}}